{"id":89,"date":"2025-09-23T17:20:01","date_gmt":"2025-09-23T17:20:01","guid":{"rendered":"https:\/\/spg.ci\/?page_id=89"},"modified":"2025-09-23T17:20:01","modified_gmt":"2025-09-23T17:20:01","slug":"moyens-dactions","status":"publish","type":"page","link":"https:\/\/spg.ci\/index.php\/moyens-dactions\/","title":{"rendered":"Moyens d&rsquo;Actions"},"content":{"rendered":"\n<p>Dans le but d\u2019intervenir efficacement sur les projets, SPG Sarl s\u2019est dot\u00e9e des Quelques moyens divers en engins et mat\u00e9riels divers, SPG entretien aussi des contrats de location (grue , camion yab , camion benne, les pelles hydraulique )<\/p>\n\n\n\n<p>Quelques \u00e9quipements et mat\u00e9riels propres \u00e0 l\u2019entreprise<\/p>\n\n\n\n<ul class=\"wp-block-list\">\n<li>Les appareils topographiques pour la pr\u00e9cision des implantations<\/li>\n\n\n\n<li>Les \u00e9chafaudages<\/li>\n\n\n\n<li>Scie \u00e0 sol<\/li>\n\n\n\n<li>Marteaux piqueurs \u00e9lectrique<\/li>\n\n\n\n<li>Les meuleuses et visseuses<\/li>\n\n\n\n<li>Des postes \u00e0 souder<\/li>\n\n\n\n<li>Des voitures pick-up pour des interventions rapides&nbsp;<\/li>\n<\/ul>\n","protected":false},"excerpt":{"rendered":"<p>Dans le but d\u2019intervenir efficacement sur les projets, SPG Sarl s\u2019est dot\u00e9e des Quelques moyens divers en engins et mat\u00e9riels divers, SPG entretien aussi des contrats de location (grue , camion yab , camion benne, les pelles hydraulique ) Quelques \u00e9quipements et mat\u00e9riels propres \u00e0 l\u2019entreprise<\/p>\n","protected":false},"author":1,"featured_media":0,"parent":0,"menu_order":0,"comment_status":"closed","ping_status":"closed","template":"","meta":{"footnotes":""},"class_list":["post-89","page","type-page","status-publish","hentry"],"_links":{"self":[{"href":"https:\/\/spg.ci\/index.php\/wp-json\/wp\/v2\/pages\/89","targetHints":{"allow":["GET"]}}],"collection":[{"href":"https:\/\/spg.ci\/index.php\/wp-json\/wp\/v2\/pages"}],"about":[{"href":"https:\/\/spg.ci\/index.php\/wp-json\/wp\/v2\/types\/page"}],"author":[{"embeddable":true,"href":"https:\/\/spg.ci\/index.php\/wp-json\/wp\/v2\/users\/1"}],"replies":[{"embeddable":true,"href":"https:\/\/spg.ci\/index.php\/wp-json\/wp\/v2\/comments?post=89"}],"version-history":[{"count":1,"href":"https:\/\/spg.ci\/index.php\/wp-json\/wp\/v2\/pages\/89\/revisions"}],"predecessor-version":[{"id":90,"href":"https:\/\/spg.ci\/index.php\/wp-json\/wp\/v2\/pages\/89\/revisions\/90"}],"wp:attachment":[{"href":"https:\/\/spg.ci\/index.php\/wp-json\/wp\/v2\/media?parent=89"}],"curies":[{"name":"wp","href":"https:\/\/api.w.org\/{rel}","templated":true}]}}